t i be b(a). What are the prime factors of v(i)?
2, 3
What are the prime factors of (6 - 0)*3 - -1 - -1?
2, 5
Suppose -q + 3 = -1. Suppose q*c - 6 - 10 = 0. What are the prime factors of c?
2
Let a(l) = -l**3 - 7*l**2 + 9*l + 12. Let i(x) = 16*x**3 + x**2 + x + 1. Let z be i(-1). Let q = z + 7. What are the prime factors of a(q)?
2
Let n = 65 - 26. List the prime factors of n.
3, 13
Suppose 4*p + 3*x = 0, -p - 4*x + 5 + 8 = 0. Let z(g) = -g**3 - 2*g**2 - g - 2. Let v be z(p). Suppose -3*h + 20 + v = 0. What are the prime factors of h?
2, 5
Let y(t) be the second derivative of t**3/6 - 3*t**2/2 + 4*t. What are the prime factors of y(6)?
3
Suppose -k = -13 - 33. What are the prime factors of k?
2, 23
Let m = 101 - 44. What are the prime factors of m?
3, 19
Let c = -9 - -13. Suppose c*b - 82 = -2. List the prime factors of b.
2, 5
Suppose 4*i = q + 1013, -2*q = -4*i + 972 + 38. List the prime factors of i.
2, 127
List the prime factors of (-21)/(15/50*-1).
2, 5, 7
Suppose -k + 2*z = 2 - 10, -50 = -5*k + 5*z. Suppose 0*d = -2*d + k. List the prime factors of d.
2, 3
Let u = -6 - -4. Let n be u/((-6)/3)*2. Suppose -w + n = 0, 4*w - 16 = -j + 3. List the prime factors of j.
11
Let y(q) = -q**3 + 4*q**2 - 4*q + 1. Let v(a) = a**3 - 4*a**2 + 3*a. Let t(g) = -6*v(g) - 5*y(g). Suppose -26 = -5*l - 6. List the prime factors of t(l).
3
Let z(t) = -t**3 - 9*t**2 - 2*t - 13. Let c be z(-9). Let j be 580/8 + (-1)/2. Suppose c*x - j = x. What are the prime factors of x?
2, 3
Let g = 127 - 82. Suppose 0*y - g = -4*q + 5*y, 2*y = -q + 21. What are the prime factors of q?
3, 5
Let b(p) = p - 100. Let v be b(0). Let r be 2/3 + v/6. List the prime factors of (-4)/14 + r/(-7).
2
Let w = -320 + 491. What are the prime factors of w?
3, 19
Let c(v) = -v**3 + 8*v**2 - 4*v - 6. Suppose 0 = 4*b + 5*t - 5 - 11, 0 = 5*t. Let y be 7*(1 - b - -4). What are the prime factors of c(y)?
3, 5
Let f = -1 - -5. Suppose 3*j - f = 2. Suppose 5*v = 2*d + v - j, -3*v + 12 = 0. What are the prime factors of d?
3
Let x(c) = c**2 - c. Let s be x(-1). Suppose -5*p = s - 17. What are the prime factors of 3 + (0 - 0)/p?
3
Suppose -h + 1 - 7 = 0. Let i(k) = -k - 2. Let w be i(h). Suppose f - m - w = 3, 2*f - 10 = 3*m. What are the prime factors of f?
11
Let z = -1 - -1. Suppose z*r = r. Suppose y - 5 = -r. What are the prime factors of y?
5
Let h(d) = 22*d**2 + 1. What are the prime factors of h(-1)?
23
Suppose 4*f + 37 = 125. What are the prime factors of f?
2, 11
Suppose 0 = 10*n - 9*n - 17. List the prime factors of n.
17
Let o(f) = -2*f - 15. Let w be o(-7). List the prime factors of (-20 - -1)/(1/w).
19
Suppose -2*w - 2*w = -196. What are the prime factors of w?
7
Suppose -3*d - 12 = d. Let n(u) = -u. List the prime factors of n(d).
3
Suppose 2*d + r + 1 = 0, -3*d = -2*d + 2*r + 8. Let g(o) = 2*o**2 - o + 2. Let z be g(d). Let q = -2 + z. List the prime factors of q.
2, 3
Let g be (5 + -11)/(1 + 0). What are the prime factors of (g/(-4))/3*14?
7
Suppose a + 2 = -5*n + 4, -4*n = -5*a + 39. What are the prime factors of a?
7
Let r = -7 - -7. Suppose 2*o - 24 - 2 = -5*j, 5*j - 20 = r. What are the prime factors of o?
3
Let v be (-2)/(-6) + 77/21. Suppose 34 = v*l + 2. What are the prime factors of l?
2
Let h be (1 - -1) + 3 + -3. Suppose -t = h*j - 8, 4*j - 5*t - 22 = -6. What are the prime factors of 52/14 - j/(-14)?
2
Let l = 9 + 7. Let r = l + -3. What are the prime factors of r?
13
Let p(k) be the first derivative of -k**4/4 + 2*k**3/3 + k**2 - 2*k - 3. Let o be p(2). Suppose -o*h = -h - 4. List the prime factors of h.
2
List the prime factors of (1/(-3))/((-2)/18).
3
Suppose 3*y - c - 18 = 0, -3*y + 7 = -5*c - 23. Suppose -y*t + 2*q - q = -66, 5*t = -2*q + 78. What are the prime factors of t?
2, 7
Let h(o) = -o**3 - o + 18. Let f be 2/(-13) + (-8)/(-52). List the prime factors of h(f).
2, 3
Let g(y) be the third derivative of 2*y**2 + 1/30*y**5 + 0 - 1/24*y**4 + 1/6*y**3 + 0*y. What are the prime factors of g(2)?
7
Suppose -3*y + 4 = 3*t - 203, 5*y - 315 = t. Let h = y - 34. List the prime factors of h.
2, 3, 5
List the prime factors of (6 + 0)/(3/9).
2, 3
Let f(n) = -4*n**3 + n - 6. Let q(u) = -5*u**3 - u**2 - 7. Let g(h) = 4*f(h) - 3*q(h). Let b be g(4). List the prime factors of 5 + (-1)/(b/3).
2, 3
Let q(h) = -8*h + 8. List the prime factors of q(-21).
2, 11
Let m(z) = -z**2 + 10*z - 3. Let h be m(9). Suppose -h = -5*q + 4. Suppose -4 = -q*r, -4*r = -4*u + 9 + 19. What are the prime factors of u?
3
Let p be 2/(-2 - (-10)/4). Suppose p = 4*a - 72. List the prime factors of a.
19
Let x = -542 + 810. Suppose -4*g + 4*l - x = 0, -g - 3*l - 114 = g. List the prime factors of g/6*4/(-6).
7
Let c = -228 + 324. Let u = c + -54. What are the prime factors of u?
2, 3, 7
Suppose -44 = -3*l + 61. What are the prime factors of l?
5, 7
Suppose 3*f - 30 = -3*x, -4*x + 7 = -f - 8. Suppose 3*q = f*q - 44. List the prime factors of q.
2, 11
Let q(n) be the first derivative of n**2/2 + 11*n + 2. Let h(w) = w + 11. Let j(l) = -4*h(l) + 5*q(l). What are the prime factors of j(-8)?
3
Let d = -9 + 36. Let v = d + -17. List the prime factors of v.
2, 5
Let x be 9*(-1 - 20/(-6)). Let j = 3 - 13. Let p = j + x. List the prime factors of p.
11
Let y(q) = -q**3 + 8*q**2 - 10*q + 9. Suppose -2*o + 10 = -2. Let m be y(o). Suppose -3*l = -w + m + 2, -2*w - 2*l = -14. What are the prime factors of w?
11
Let b = 4 + -7. Let x be 2 + b + 3 + 3. Suppose x*t = t + 48. List the prime factors of t.
2, 3
Suppose -2*n - 2 = 0, 64 = 3*v - 5*n + n. Let d = v + -7. What are the prime factors of d?
13
Suppose -5*x + 741 = -3*u - 52, -5*x = u - 789. List the prime factors of x.
2, 79
Suppose 4*s - 2 = 6. What are the prime factors of 33/6 - s/4?
5
Let n(y) = 2*y**3 + y**2 + 2*y + 9. Let t(h) = h**3 + h**2 + h + 6. Let w(r) = 5*n(r) - 8*t(r). List the prime factors of w(2).
5
Suppose 40*b - 716 = 36*b. List the prime factors of b.
179
Let s(b) = b**2 + 6*b + 4. Let w be s(-7). Suppose -3*d + i = -58, w = d + 4*i - 4. What are the prime factors of d?
19
Suppose -h + 0*h = 0. Suppose 0 = f - 3*f - 5*i + 5, -2 = 2*i. Suppose j + 0*j = h, -2*j = -f*o + 10. What are the prime factors of o?
2
Let i(l) = 130*l**2 - 2*l. What are the prime factors of i(1)?
2
Let h(z) be the second derivative of -3*z - 1/6*z**3 - 2*z**2 + 0. List the prime factors of h(-11).
7
Let y = 21 - 5. Suppose 4*i - 21 = -3*h, -h = -2*i + 3*h + y. What are the prime factors of i?
2, 3
List the prime factors of (-2)/8 + -229*4/(-16).
3, 19
Suppose -12*o - 198 = -14*o. List the prime factors of o.
3, 11
Suppose -23 = -5*g + 4*h, 4*g - 2*h - 10 = -3*h. Suppose 2*z = -g*z + 60. List the prime factors of z.
2, 3
What are the prime factors of (-5)/(-3*4/12)?
5
Suppose 0 = -4*w + 2*h + 170, h = 6*h + 5. List the prime factors of w.
2, 3, 7
Suppose -7*g = -5*g - 36. List the prime factors of g.
2, 3
Suppose 8 = 2*m + 2*h, -4*h = -3*m - m - 16. Suppose m = s + 4*s - 40. What are the prime factors of s?
2
Suppose -89 - 195 = -4*q. What are the prime factors of q?
71
Let i = 8 - 6. Suppose 7*v - i*v = 15. What are the prime factors of v/2*32/6?
2
Let s(o) = o**3 + 5*o**2 - 9*o - 9. Let q be s(-6). Suppose 4*h - 3*h + q = 0. Let l = -5 - h. List the prime factors of l.
2
Let z(b) = b**3 + 7*b**2 - 3*b - 7. Let p be z(-8). Let x = 14 + -10. List the prime factors of x/(-10) + p/(-5).
3
Suppose 0 = -2*h + 8, -2*b + 0 = -h - 2. Suppose b*i + 0*s - 41 = s, s + 2 = 0. List the prime factors of i.
13
Let f be 4/18 + (-2)/9. Let j be f - (-2)/1 - -6. List the prime factors of ((-1)/(-2))/(2/j).
2
Suppose 8 = -h - 4. List the prime factors of (4 + h/4)*27.
3
List the prime factors of 4 + 5 + 2 + -4.
7
Let n = -10 + 15. Let a(t) = t**2 - 5. What are the prime factors of a(n)?
2, 5
Let g(i) = -i**2 + i - 5. Let s be g(-5). Let l = -46 + 100. Let j = l + s. List the prime factors of j.
19
Let h(r) = -4*r - 4. List the prime factors of h(-3).
2
Let z = 2 + 1. Suppose -6 = u - z*u. What are the prime factors of u?
3
Let p be (-356)/(-6) + (-8)/(-12). Let f = p - 3. List the prime factors of f/9 + (-2)/(-3).
7
Suppose -4*c - 12 - 12 = 0. Let i = c - -19. What are the prime factors of i?
13
Let p(j) = j**3 - 7*j**2 - 7*j - 4. Let n be p(8). Suppose n*f = 2*f + 44. What are the prime 